{"id":101,"date":"2020-02-14T18:16:27","date_gmt":"2020-02-14T17:16:27","guid":{"rendered":"https:\/\/www.stanislavbariny.sk\/strechy\/?page_id=101"},"modified":"2020-03-18T16:56:14","modified_gmt":"2020-03-18T15:56:14","slug":"klampiarstvo","status":"publish","type":"page","link":"https:\/\/www.stanislavbariny.sk\/strechy\/?page_id=101","title":{"rendered":"Klampiarstvo"},"content":{"rendered":"\n<p>\n\nKlampiarsky materi\u00e1l v\u00e1m pon\u00fakame v \u0161irokej druhovej i farebnej \u0161k\u00e1le, v\u010faka \u010domu m\u00f4\u017eete dokonale zladi\u0165 vzh\u013ead v\u00e1\u0161ho domu strechou po\u010dn\u00fac a fas\u00e1dou \u010di oknami kon\u010diac.<\/p>\n\n\n\n<ul><li>Oplechovanie v\u0161etk\u00fdch stre\u0161n\u00fdch detailov ( kom\u00ednov, balk\u00f3nov, vikierov&#8230; )<\/li><li>Oplechovanie \u00fa\u017e\u013eabia<\/li><li>Oplechovanie \u0161t\u00edtov strechy<\/li><li>V\u00fdroba a mont\u00e1\u017e odkvapov\u00e9ho plechu pod f\u00f3liu<\/li><li>Mont\u00e1\u017e odkvapov\u00e9ho syst\u00e9mu a komplexn\u00e9 rie\u0161enie odvodnenia strechy<\/li><li>Falcovanie strechy<\/li><li>Mont\u00e1\u017e plechov\u00fdch striech v\u0161etk\u00fdch profilov<\/li><li>V\u00fdroba a mont\u00e1\u017e okenn\u00fdch parapiet<\/li><\/ul>\n\n\n\n<figure class=\"wp-block-gallery columns-3 is-cropped\"><ul class=\"blocks-gallery-grid\"><li class=\"blocks-gallery-item\"><figure><img loading=\"lazy\" width=\"1024\" height=\"768\" src=\"https:\/\/www.stanislavbariny.sk\/strechy\/wp-content\/uploads\/2020\/02\/23-1024x768.jpg\" alt=\"\" data-id=\"204\" data-link=\"https:\/\/www.stanislavbariny.sk\/strechy\/?attachment_id=204\" class=\"wp-image-204\" srcset=\"https:\/\/www.stanislavbariny.sk\/strechy\/wp-content\/uploads\/2020\/02\/23-1024x768.jpg 1024w, https:\/\/www.stanislavbariny.sk\/strechy\/wp-content\/uploads\/2020\/02\/23-300x225.jpg 300w, https:\/\/www.stanislavbariny.sk\/strechy\/wp-content\/uploads\/2020\/02\/23-768x576.jpg 768w, https:\/\/www.stanislavbariny.sk\/strechy\/wp-content\/uploads\/2020\/02\/23-1536x1152.jpg 1536w, https:\/\/www.stanislavbariny.sk\/strechy\/wp-content\/uploads\/2020\/02\/23.jpg 2048w\" sizes=\"(max-width: 1024px) 100vw, 1024px\" \/><\/figure><\/li><li class=\"blocks-gallery-item\"><figure><img loading=\"lazy\" width=\"1024\" height=\"768\" src=\"https:\/\/www.stanislavbariny.sk\/strechy\/wp-content\/uploads\/2020\/02\/22-2-1024x768.jpg\" alt=\"\" data-id=\"203\" data-link=\"https:\/\/www.stanislavbariny.sk\/strechy\/?attachment_id=203\" class=\"wp-image-203\" srcset=\"https:\/\/www.stanislavbariny.sk\/strechy\/wp-content\/uploads\/2020\/02\/22-2-1024x768.jpg 1024w, https:\/\/www.stanislavbariny.sk\/strechy\/wp-content\/uploads\/2020\/02\/22-2-300x225.jpg 300w, https:\/\/www.stanislavbariny.sk\/strechy\/wp-content\/uploads\/2020\/02\/22-2-768x576.jpg 768w, https:\/\/www.stanislavbariny.sk\/strechy\/wp-content\/uploads\/2020\/02\/22-2-1536x1152.jpg 1536w, https:\/\/www.stanislavbariny.sk\/strechy\/wp-content\/uploads\/2020\/02\/22-2.jpg 2048w\" sizes=\"(max-width: 1024px) 100vw, 1024px\" \/><\/figure><\/li><li class=\"blocks-gallery-item\"><figure><img loading=\"lazy\" width=\"768\" height=\"1024\" src=\"https:\/\/www.stanislavbariny.sk\/strechy\/wp-content\/uploads\/2020\/02\/220520091060-768x1024.jpg\" alt=\"\" data-id=\"310\" data-link=\"https:\/\/www.stanislavbariny.sk\/strechy\/?attachment_id=310\" class=\"wp-image-310\" srcset=\"https:\/\/www.stanislavbariny.sk\/strechy\/wp-content\/uploads\/2020\/02\/220520091060-768x1024.jpg 768w, https:\/\/www.stanislavbariny.sk\/strechy\/wp-content\/uploads\/2020\/02\/220520091060-225x300.jpg 225w, https:\/\/www.stanislavbariny.sk\/strechy\/wp-content\/uploads\/2020\/02\/220520091060-1152x1536.jpg 1152w, https:\/\/www.stanislavbariny.sk\/strechy\/wp-content\/uploads\/2020\/02\/220520091060-1536x2048.jpg 1536w, https:\/\/www.stanislavbariny.sk\/strechy\/wp-content\/uploads\/2020\/02\/220520091060-scaled.jpg 1920w\" sizes=\"(max-width: 768px) 100vw, 768px\" \/><\/figure><\/li><li class=\"blocks-gallery-item\"><figure><img loading=\"lazy\" width=\"1024\" height=\"577\" src=\"https:\/\/www.stanislavbariny.sk\/strechy\/wp-content\/uploads\/2020\/03\/WhatsApp-Image-2020-03-07-at-15.32.08-3-1024x577.jpeg\" alt=\"\" data-id=\"421\" data-full-url=\"https:\/\/www.stanislavbariny.sk\/strechy\/wp-content\/uploads\/2020\/03\/WhatsApp-Image-2020-03-07-at-15.32.08-3.jpeg\" data-link=\"https:\/\/www.stanislavbariny.sk\/strechy\/?attachment_id=421\" class=\"wp-image-421\" srcset=\"https:\/\/www.stanislavbariny.sk\/strechy\/wp-content\/uploads\/2020\/03\/WhatsApp-Image-2020-03-07-at-15.32.08-3-1024x577.jpeg 1024w, https:\/\/www.stanislavbariny.sk\/strechy\/wp-content\/uploads\/2020\/03\/WhatsApp-Image-2020-03-07-at-15.32.08-3-300x169.jpeg 300w, https:\/\/www.stanislavbariny.sk\/strechy\/wp-content\/uploads\/2020\/03\/WhatsApp-Image-2020-03-07-at-15.32.08-3-768x433.jpeg 768w, https:\/\/www.stanislavbariny.sk\/strechy\/wp-content\/uploads\/2020\/03\/WhatsApp-Image-2020-03-07-at-15.32.08-3.jpeg 1332w\" sizes=\"(max-width: 1024px) 100vw, 1024px\" \/><\/figure><\/li><li class=\"blocks-gallery-item\"><figure><img loading=\"lazy\" width=\"1024\" height=\"577\" src=\"https:\/\/www.stanislavbariny.sk\/strechy\/wp-content\/uploads\/2020\/03\/WhatsApp-Image-2020-03-07-at-15.50.47-1-1024x577.jpeg\" alt=\"\" data-id=\"422\" data-full-url=\"https:\/\/www.stanislavbariny.sk\/strechy\/wp-content\/uploads\/2020\/03\/WhatsApp-Image-2020-03-07-at-15.50.47-1.jpeg\" data-link=\"https:\/\/www.stanislavbariny.sk\/strechy\/?attachment_id=422\" class=\"wp-image-422\" srcset=\"https:\/\/www.stanislavbariny.sk\/strechy\/wp-content\/uploads\/2020\/03\/WhatsApp-Image-2020-03-07-at-15.50.47-1-1024x577.jpeg 1024w, https:\/\/www.stanislavbariny.sk\/strechy\/wp-content\/uploads\/2020\/03\/WhatsApp-Image-2020-03-07-at-15.50.47-1-300x169.jpeg 300w, https:\/\/www.stanislavbariny.sk\/strechy\/wp-content\/uploads\/2020\/03\/WhatsApp-Image-2020-03-07-at-15.50.47-1-768x433.jpeg 768w, https:\/\/www.stanislavbariny.sk\/strechy\/wp-content\/uploads\/2020\/03\/WhatsApp-Image-2020-03-07-at-15.50.47-1.jpeg 1332w\" sizes=\"(max-width: 1024px) 100vw, 1024px\" \/><\/figure><\/li><li class=\"blocks-gallery-item\"><figure><img loading=\"lazy\" width=\"577\" height=\"1024\" src=\"https:\/\/www.stanislavbariny.sk\/strechy\/wp-content\/uploads\/2020\/03\/WhatsApp-Image-2020-03-07-at-15.50.50-577x1024.jpeg\" alt=\"\" data-id=\"423\" data-full-url=\"https:\/\/www.stanislavbariny.sk\/strechy\/wp-content\/uploads\/2020\/03\/WhatsApp-Image-2020-03-07-at-15.50.50.jpeg\" data-link=\"https:\/\/www.stanislavbariny.sk\/strechy\/?attachment_id=423\" class=\"wp-image-423\" srcset=\"https:\/\/www.stanislavbariny.sk\/strechy\/wp-content\/uploads\/2020\/03\/WhatsApp-Image-2020-03-07-at-15.50.50-577x1024.jpeg 577w, https:\/\/www.stanislavbariny.sk\/strechy\/wp-content\/uploads\/2020\/03\/WhatsApp-Image-2020-03-07-at-15.50.50-169x300.jpeg 169w, https:\/\/www.stanislavbariny.sk\/strechy\/wp-content\/uploads\/2020\/03\/WhatsApp-Image-2020-03-07-at-15.50.50.jpeg 751w\" sizes=\"(max-width: 577px) 100vw, 577px\" \/><\/figure><\/li><li class=\"blocks-gallery-item\"><figure><img loading=\"lazy\" width=\"578\" height=\"1024\" src=\"https:\/\/www.stanislavbariny.sk\/strechy\/wp-content\/uploads\/2020\/03\/WhatsApp-Image-2020-03-07-at-15.50.52-578x1024.jpeg\" alt=\"\" data-id=\"424\" data-full-url=\"https:\/\/www.stanislavbariny.sk\/strechy\/wp-content\/uploads\/2020\/03\/WhatsApp-Image-2020-03-07-at-15.50.52.jpeg\" data-link=\"https:\/\/www.stanislavbariny.sk\/strechy\/?attachment_id=424\" class=\"wp-image-424\" srcset=\"https:\/\/www.stanislavbariny.sk\/strechy\/wp-content\/uploads\/2020\/03\/WhatsApp-Image-2020-03-07-at-15.50.52-578x1024.jpeg 578w, https:\/\/www.stanislavbariny.sk\/strechy\/wp-content\/uploads\/2020\/03\/WhatsApp-Image-2020-03-07-at-15.50.52-169x300.jpeg 169w, https:\/\/www.stanislavbariny.sk\/strechy\/wp-content\/uploads\/2020\/03\/WhatsApp-Image-2020-03-07-at-15.50.52-768x1361.jpeg 768w, https:\/\/www.stanislavbariny.sk\/strechy\/wp-content\/uploads\/2020\/03\/WhatsApp-Image-2020-03-07-at-15.50.52.jpeg 844w\" sizes=\"(max-width: 578px) 100vw, 578px\" \/><\/figure><\/li><li class=\"blocks-gallery-item\"><figure><img loading=\"lazy\" width=\"1024\" height=\"577\" src=\"https:\/\/www.stanislavbariny.sk\/strechy\/wp-content\/uploads\/2020\/03\/WhatsApp-Image-2020-03-07-at-15.50.54-2-1024x577.jpeg\" alt=\"\" data-id=\"425\" data-full-url=\"https:\/\/www.stanislavbariny.sk\/strechy\/wp-content\/uploads\/2020\/03\/WhatsApp-Image-2020-03-07-at-15.50.54-2.jpeg\" data-link=\"https:\/\/www.stanislavbariny.sk\/strechy\/?attachment_id=425\" class=\"wp-image-425\" srcset=\"https:\/\/www.stanislavbariny.sk\/strechy\/wp-content\/uploads\/2020\/03\/WhatsApp-Image-2020-03-07-at-15.50.54-2-1024x577.jpeg 1024w, https:\/\/www.stanislavbariny.sk\/strechy\/wp-content\/uploads\/2020\/03\/WhatsApp-Image-2020-03-07-at-15.50.54-2-300x169.jpeg 300w, https:\/\/www.stanislavbariny.sk\/strechy\/wp-content\/uploads\/2020\/03\/WhatsApp-Image-2020-03-07-at-15.50.54-2-768x433.jpeg 768w, https:\/\/www.stanislavbariny.sk\/strechy\/wp-content\/uploads\/2020\/03\/WhatsApp-Image-2020-03-07-at-15.50.54-2.jpeg 1332w\" sizes=\"(max-width: 1024px) 100vw, 1024px\" \/><\/figure><\/li><\/ul><\/figure>\n","protected":false},"excerpt":{"rendered":"<p>Klampiarsky materi\u00e1l v\u00e1m pon\u00fakame v \u0161irokej druhovej i farebnej \u0161k\u00e1le, v\u010faka \u010domu m\u00f4\u017eete dokonale zladi\u0165 vzh\u013ead v\u00e1\u0161ho domu strechou po\u010dn\u00fac a fas\u00e1dou \u010di oknami kon\u010diac. Oplechovanie v\u0161etk\u00fdch stre\u0161n\u00fdch detailov ( kom\u00ednov, balk\u00f3nov, vikierov&#8230; ) Oplechovanie \u00fa\u017e\u013eabia Oplechovanie \u0161t\u00edtov strechy V\u00fdroba a mont\u00e1\u017e odkvapov\u00e9ho plechu pod f\u00f3liu Mont\u00e1\u017e odkvapov\u00e9ho syst\u00e9mu a komplexn\u00e9 rie\u0161enie odvodnenia strechy Falcovanie [&hellip;]<\/p>\n","protected":false},"author":1,"featured_media":0,"parent":0,"menu_order":0,"comment_status":"closed","ping_status":"closed","template":"","meta":{"_monsterinsights_skip_tracking":false,"_monsterinsights_sitenote_active":false,"_monsterinsights_sitenote_note":"","_monsterinsights_sitenote_category":0,"ngg_post_thumbnail":0},"yoast_head":"<!-- This site is optimized with the Yoast SEO plugin v18.4.1 - https:\/\/yoast.com\/wordpress\/plugins\/seo\/ -->\n<title>Klampiarstvo - Strechy na mieru<\/title>\n<meta name=\"robots\" content=\"index, follow, max-snippet:-1, max-image-preview:large, max-video-preview:-1\" \/>\n<link rel=\"canonical\" href=\"https:\/\/stanislavbariny.sk\/strechy\/?page_id=101\" \/>\n<meta property=\"og:locale\" content=\"sk_SK\" \/>\n<meta property=\"og:type\" content=\"article\" \/>\n<meta property=\"og:title\" content=\"Klampiarstvo - Strechy na mieru\" \/>\n<meta property=\"og:description\" content=\"Klampiarsky materi\u00e1l v\u00e1m pon\u00fakame v \u0161irokej druhovej i farebnej \u0161k\u00e1le, v\u010faka \u010domu m\u00f4\u017eete dokonale zladi\u0165 vzh\u013ead v\u00e1\u0161ho domu strechou po\u010dn\u00fac a fas\u00e1dou \u010di oknami kon\u010diac. Oplechovanie v\u0161etk\u00fdch stre\u0161n\u00fdch detailov ( kom\u00ednov, balk\u00f3nov, vikierov&#8230; ) Oplechovanie \u00fa\u017e\u013eabia Oplechovanie \u0161t\u00edtov strechy V\u00fdroba a mont\u00e1\u017e odkvapov\u00e9ho plechu pod f\u00f3liu Mont\u00e1\u017e odkvapov\u00e9ho syst\u00e9mu a komplexn\u00e9 rie\u0161enie odvodnenia strechy Falcovanie [&hellip;]\" \/>\n<meta property=\"og:url\" content=\"https:\/\/stanislavbariny.sk\/strechy\/?page_id=101\" \/>\n<meta property=\"og:site_name\" content=\"Strechy na mieru\" \/>\n<meta property=\"article:modified_time\" content=\"2020-03-18T15:56:14+00:00\" \/>\n<meta property=\"og:image\" content=\"https:\/\/www.stanislavbariny.sk\/strechy\/wp-content\/uploads\/2020\/02\/23-1024x768.jpg\" \/>\n<meta name=\"twitter:card\" content=\"summary_large_image\" \/>\n<script type=\"application\/ld+json\" class=\"yoast-schema-graph\">{\"@context\":\"https:\/\/schema.org\",\"@graph\":[{\"@type\":\"WebSite\",\"@id\":\"https:\/\/wildcard.stanislavbariny.sk\/strechy\/#website\",\"url\":\"https:\/\/wildcard.stanislavbariny.sk\/strechy\/\",\"name\":\"Strechy na mieru\",\"description\":\"s nami nezmoknete\",\"potentialAction\":[{\"@type\":\"SearchAction\",\"target\":{\"@type\":\"EntryPoint\",\"urlTemplate\":\"https:\/\/wildcard.stanislavbariny.sk\/strechy\/?s={search_term_string}\"},\"query-input\":\"required name=search_term_string\"}],\"inLanguage\":\"sk-SK\"},{\"@type\":\"ImageObject\",\"@id\":\"https:\/\/stanislavbariny.sk\/strechy\/?page_id=101#primaryimage\",\"inLanguage\":\"sk-SK\",\"url\":\"https:\/\/www.stanislavbariny.sk\/strechy\/wp-content\/uploads\/2020\/02\/23.jpg\",\"contentUrl\":\"https:\/\/www.stanislavbariny.sk\/strechy\/wp-content\/uploads\/2020\/02\/23.jpg\",\"width\":2048,\"height\":1536},{\"@type\":\"WebPage\",\"@id\":\"https:\/\/stanislavbariny.sk\/strechy\/?page_id=101#webpage\",\"url\":\"https:\/\/stanislavbariny.sk\/strechy\/?page_id=101\",\"name\":\"Klampiarstvo - Strechy na mieru\",\"isPartOf\":{\"@id\":\"https:\/\/wildcard.stanislavbariny.sk\/strechy\/#website\"},\"primaryImageOfPage\":{\"@id\":\"https:\/\/stanislavbariny.sk\/strechy\/?page_id=101#primaryimage\"},\"datePublished\":\"2020-02-14T17:16:27+00:00\",\"dateModified\":\"2020-03-18T15:56:14+00:00\",\"breadcrumb\":{\"@id\":\"https:\/\/stanislavbariny.sk\/strechy\/?page_id=101#breadcrumb\"},\"inLanguage\":\"sk-SK\",\"potentialAction\":[{\"@type\":\"ReadAction\",\"target\":[\"https:\/\/stanislavbariny.sk\/strechy\/?page_id=101\"]}]},{\"@type\":\"BreadcrumbList\",\"@id\":\"https:\/\/stanislavbariny.sk\/strechy\/?page_id=101#breadcrumb\",\"itemListElement\":[{\"@type\":\"ListItem\",\"position\":1,\"name\":\"Home\",\"item\":\"https:\/\/wildcard.stanislavbariny.sk\/strechy\/\"},{\"@type\":\"ListItem\",\"position\":2,\"name\":\"Klampiarstvo\"}]}]}<\/script>\n<!-- \/ Yoast SEO plugin. -->","yoast_head_json":{"title":"Klampiarstvo - Strechy na mieru","robots":{"index":"index","follow":"follow","max-snippet":"max-snippet:-1","max-image-preview":"max-image-preview:large","max-video-preview":"max-video-preview:-1"},"canonical":"https:\/\/stanislavbariny.sk\/strechy\/?page_id=101","og_locale":"sk_SK","og_type":"article","og_title":"Klampiarstvo - Strechy na mieru","og_description":"Klampiarsky materi\u00e1l v\u00e1m pon\u00fakame v \u0161irokej druhovej i farebnej \u0161k\u00e1le, v\u010faka \u010domu m\u00f4\u017eete dokonale zladi\u0165 vzh\u013ead v\u00e1\u0161ho domu strechou po\u010dn\u00fac a fas\u00e1dou \u010di oknami kon\u010diac. Oplechovanie v\u0161etk\u00fdch stre\u0161n\u00fdch detailov ( kom\u00ednov, balk\u00f3nov, vikierov&#8230; ) Oplechovanie \u00fa\u017e\u013eabia Oplechovanie \u0161t\u00edtov strechy V\u00fdroba a mont\u00e1\u017e odkvapov\u00e9ho plechu pod f\u00f3liu Mont\u00e1\u017e odkvapov\u00e9ho syst\u00e9mu a komplexn\u00e9 rie\u0161enie odvodnenia strechy Falcovanie [&hellip;]","og_url":"https:\/\/stanislavbariny.sk\/strechy\/?page_id=101","og_site_name":"Strechy na mieru","article_modified_time":"2020-03-18T15:56:14+00:00","og_image":[{"url":"https:\/\/www.stanislavbariny.sk\/strechy\/wp-content\/uploads\/2020\/02\/23-1024x768.jpg"}],"twitter_card":"summary_large_image","schema":{"@context":"https:\/\/schema.org","@graph":[{"@type":"WebSite","@id":"https:\/\/wildcard.stanislavbariny.sk\/strechy\/#website","url":"https:\/\/wildcard.stanislavbariny.sk\/strechy\/","name":"Strechy na mieru","description":"s nami nezmoknete","potentialAction":[{"@type":"SearchAction","target":{"@type":"EntryPoint","urlTemplate":"https:\/\/wildcard.stanislavbariny.sk\/strechy\/?s={search_term_string}"},"query-input":"required name=search_term_string"}],"inLanguage":"sk-SK"},{"@type":"ImageObject","@id":"https:\/\/stanislavbariny.sk\/strechy\/?page_id=101#primaryimage","inLanguage":"sk-SK","url":"https:\/\/www.stanislavbariny.sk\/strechy\/wp-content\/uploads\/2020\/02\/23.jpg","contentUrl":"https:\/\/www.stanislavbariny.sk\/strechy\/wp-content\/uploads\/2020\/02\/23.jpg","width":2048,"height":1536},{"@type":"WebPage","@id":"https:\/\/stanislavbariny.sk\/strechy\/?page_id=101#webpage","url":"https:\/\/stanislavbariny.sk\/strechy\/?page_id=101","name":"Klampiarstvo - Strechy na mieru","isPartOf":{"@id":"https:\/\/wildcard.stanislavbariny.sk\/strechy\/#website"},"primaryImageOfPage":{"@id":"https:\/\/stanislavbariny.sk\/strechy\/?page_id=101#primaryimage"},"datePublished":"2020-02-14T17:16:27+00:00","dateModified":"2020-03-18T15:56:14+00:00","breadcrumb":{"@id":"https:\/\/stanislavbariny.sk\/strechy\/?page_id=101#breadcrumb"},"inLanguage":"sk-SK","potentialAction":[{"@type":"ReadAction","target":["https:\/\/stanislavbariny.sk\/strechy\/?page_id=101"]}]},{"@type":"BreadcrumbList","@id":"https:\/\/stanislavbariny.sk\/strechy\/?page_id=101#breadcrumb","itemListElement":[{"@type":"ListItem","position":1,"name":"Home","item":"https:\/\/wildcard.stanislavbariny.sk\/strechy\/"},{"@type":"ListItem","position":2,"name":"Klampiarstvo"}]}]}},"_links":{"self":[{"href":"https:\/\/www.stanislavbariny.sk\/strechy\/index.php?rest_route=\/wp\/v2\/pages\/101"}],"collection":[{"href":"https:\/\/www.stanislavbariny.sk\/strechy\/index.php?rest_route=\/wp\/v2\/pages"}],"about":[{"href":"https:\/\/www.stanislavbariny.sk\/strechy\/index.php?rest_route=\/wp\/v2\/types\/page"}],"author":[{"embeddable":true,"href":"https:\/\/www.stanislavbariny.sk\/strechy\/index.php?rest_route=\/wp\/v2\/users\/1"}],"replies":[{"embeddable":true,"href":"https:\/\/www.stanislavbariny.sk\/strechy\/index.php?rest_route=%2Fwp%2Fv2%2Fcomments&post=101"}],"version-history":[{"count":3,"href":"https:\/\/www.stanislavbariny.sk\/strechy\/index.php?rest_route=\/wp\/v2\/pages\/101\/revisions"}],"predecessor-version":[{"id":426,"href":"https:\/\/www.stanislavbariny.sk\/strechy\/index.php?rest_route=\/wp\/v2\/pages\/101\/revisions\/426"}],"wp:attachment":[{"href":"https:\/\/www.stanislavbariny.sk\/strechy\/index.php?rest_route=%2Fwp%2Fv2%2Fmedia&parent=101"}],"curies":[{"name":"wp","href":"https:\/\/api.w.org\/{rel}","templated":true}]}}