{"id":12,"date":"2020-02-12T22:17:28","date_gmt":"2020-02-12T21:17:28","guid":{"rendered":"https:\/\/www.stanislavbariny.sk\/strechy\/?page_id=12"},"modified":"2020-03-18T17:08:50","modified_gmt":"2020-03-18T16:08:50","slug":"domov","status":"publish","type":"page","link":"https:\/\/www.stanislavbariny.sk\/strechy\/","title":{"rendered":"Klampiarske a pokr\u00fdva\u010dsk\u00e9 pr\u00e1ce"},"content":{"rendered":"\n<figure class=\"wp-block-image size-large\"><img loading=\"lazy\" width=\"1024\" height=\"768\" src=\"https:\/\/www.stanislavbariny.sk\/strechy\/wp-content\/uploads\/2020\/02\/05032010170-1024x768.jpg\" alt=\"\" class=\"wp-image-39\" srcset=\"https:\/\/www.stanislavbariny.sk\/strechy\/wp-content\/uploads\/2020\/02\/05032010170-1024x768.jpg 1024w, https:\/\/www.stanislavbariny.sk\/strechy\/wp-content\/uploads\/2020\/02\/05032010170-300x225.jpg 300w, https:\/\/www.stanislavbariny.sk\/strechy\/wp-content\/uploads\/2020\/02\/05032010170-768x576.jpg 768w, https:\/\/www.stanislavbariny.sk\/strechy\/wp-content\/uploads\/2020\/02\/05032010170-1536x1152.jpg 1536w, https:\/\/www.stanislavbariny.sk\/strechy\/wp-content\/uploads\/2020\/02\/05032010170.jpg 2048w\" sizes=\"(max-width: 1024px) 100vw, 1024px\" \/><\/figure>\n\n\n\n<h2><\/h2>\n\n\n\n<p>Realizujeme klampiarske a pokr\u00fdva\u010dsk\u00e9 pr\u00e1ce od roku 1997. Pon\u00fakame z\u00e1kazn\u00edkom profesion\u00e1lne konzult\u00e1cie pri realiz\u00e1cii stavby od zamerania a\u017e po kompletn\u00fa realiz\u00e1ciu. Cenov\u00e9 ponuky vyhotovujeme na mieru v spolupr\u00e1ci s popredn\u00fdmi dod\u00e1vate\u013emi v r\u00e1mci Slovenskej republiky.<\/p>\n","protected":false},"excerpt":{"rendered":"<p>Realizujeme klampiarske a pokr\u00fdva\u010dsk\u00e9 pr\u00e1ce od roku 1997. Pon\u00fakame z\u00e1kazn\u00edkom profesion\u00e1lne konzult\u00e1cie pri realiz\u00e1cii stavby od zamerania a\u017e po kompletn\u00fa realiz\u00e1ciu. Cenov\u00e9 ponuky vyhotovujeme na mieru v spolupr\u00e1ci s popredn\u00fdmi dod\u00e1vate\u013emi v r\u00e1mci Slovenskej republiky.<\/p>\n","protected":false},"author":1,"featured_media":0,"parent":0,"menu_order":0,"comment_status":"closed","ping_status":"closed","template":"","meta":{"_monsterinsights_skip_tracking":false,"_monsterinsights_sitenote_active":false,"_monsterinsights_sitenote_note":"","_monsterinsights_sitenote_category":0,"ngg_post_thumbnail":0},"yoast_head":"<!-- This site is optimized with the Yoast SEO plugin v18.4.1 - https:\/\/yoast.com\/wordpress\/plugins\/seo\/ -->\n<title>Klampiarske a pokr\u00fdva\u010dsk\u00e9 pr\u00e1ce - Strechy na mieru<\/title>\n<meta name=\"robots\" content=\"index, follow, max-snippet:-1, max-image-preview:large, max-video-preview:-1\" \/>\n<link rel=\"canonical\" href=\"https:\/\/stanislavbariny.sk\/strechy\/\" \/>\n<meta property=\"og:locale\" content=\"sk_SK\" \/>\n<meta property=\"og:type\" content=\"article\" \/>\n<meta property=\"og:title\" content=\"Klampiarske a pokr\u00fdva\u010dsk\u00e9 pr\u00e1ce - Strechy na mieru\" \/>\n<meta property=\"og:description\" content=\"Realizujeme klampiarske a pokr\u00fdva\u010dsk\u00e9 pr\u00e1ce od roku 1997. Pon\u00fakame z\u00e1kazn\u00edkom profesion\u00e1lne konzult\u00e1cie pri realiz\u00e1cii stavby od zamerania a\u017e po kompletn\u00fa realiz\u00e1ciu. Cenov\u00e9 ponuky vyhotovujeme na mieru v spolupr\u00e1ci s popredn\u00fdmi dod\u00e1vate\u013emi v r\u00e1mci Slovenskej republiky.\" \/>\n<meta property=\"og:url\" content=\"https:\/\/stanislavbariny.sk\/strechy\/\" \/>\n<meta property=\"og:site_name\" content=\"Strechy na mieru\" \/>\n<meta property=\"article:modified_time\" content=\"2020-03-18T16:08:50+00:00\" \/>\n<meta property=\"og:image\" content=\"https:\/\/www.stanislavbariny.sk\/strechy\/wp-content\/uploads\/2020\/02\/05032010170-1024x768.jpg\" \/>\n<meta name=\"twitter:card\" content=\"summary_large_image\" \/>\n<script type=\"application\/ld+json\" class=\"yoast-schema-graph\">{\"@context\":\"https:\/\/schema.org\",\"@graph\":[{\"@type\":\"WebSite\",\"@id\":\"https:\/\/stanislavbariny.sk\/strechy\/#website\",\"url\":\"https:\/\/stanislavbariny.sk\/strechy\/\",\"name\":\"Strechy na mieru\",\"description\":\"s nami nezmoknete\",\"potentialAction\":[{\"@type\":\"SearchAction\",\"target\":{\"@type\":\"EntryPoint\",\"urlTemplate\":\"https:\/\/stanislavbariny.sk\/strechy\/?s={search_term_string}\"},\"query-input\":\"required name=search_term_string\"}],\"inLanguage\":\"sk-SK\"},{\"@type\":\"ImageObject\",\"@id\":\"https:\/\/stanislavbariny.sk\/strechy\/#primaryimage\",\"inLanguage\":\"sk-SK\",\"url\":\"https:\/\/www.stanislavbariny.sk\/strechy\/wp-content\/uploads\/2020\/02\/05032010170.jpg\",\"contentUrl\":\"https:\/\/www.stanislavbariny.sk\/strechy\/wp-content\/uploads\/2020\/02\/05032010170.jpg\",\"width\":2048,\"height\":1536},{\"@type\":\"WebPage\",\"@id\":\"https:\/\/stanislavbariny.sk\/strechy\/#webpage\",\"url\":\"https:\/\/stanislavbariny.sk\/strechy\/\",\"name\":\"Klampiarske a pokr\u00fdva\u010dsk\u00e9 pr\u00e1ce - Strechy na mieru\",\"isPartOf\":{\"@id\":\"https:\/\/stanislavbariny.sk\/strechy\/#website\"},\"primaryImageOfPage\":{\"@id\":\"https:\/\/stanislavbariny.sk\/strechy\/#primaryimage\"},\"datePublished\":\"2020-02-12T21:17:28+00:00\",\"dateModified\":\"2020-03-18T16:08:50+00:00\",\"breadcrumb\":{\"@id\":\"https:\/\/stanislavbariny.sk\/strechy\/#breadcrumb\"},\"inLanguage\":\"sk-SK\",\"potentialAction\":[{\"@type\":\"ReadAction\",\"target\":[\"https:\/\/stanislavbariny.sk\/strechy\/\"]}]},{\"@type\":\"BreadcrumbList\",\"@id\":\"https:\/\/stanislavbariny.sk\/strechy\/#breadcrumb\",\"itemListElement\":[{\"@type\":\"ListItem\",\"position\":1,\"name\":\"Home\",\"item\":\"https:\/\/stanislavbariny.sk\/strechy\/\"},{\"@type\":\"ListItem\",\"position\":2,\"name\":\"Klampiarske a pokr\u00fdva\u010dsk\u00e9 pr\u00e1ce\"}]}]}<\/script>\n<!-- \/ Yoast SEO plugin. -->","yoast_head_json":{"title":"Klampiarske a pokr\u00fdva\u010dsk\u00e9 pr\u00e1ce - Strechy na mieru","robots":{"index":"index","follow":"follow","max-snippet":"max-snippet:-1","max-image-preview":"max-image-preview:large","max-video-preview":"max-video-preview:-1"},"canonical":"https:\/\/stanislavbariny.sk\/strechy\/","og_locale":"sk_SK","og_type":"article","og_title":"Klampiarske a pokr\u00fdva\u010dsk\u00e9 pr\u00e1ce - Strechy na mieru","og_description":"Realizujeme klampiarske a pokr\u00fdva\u010dsk\u00e9 pr\u00e1ce od roku 1997. Pon\u00fakame z\u00e1kazn\u00edkom profesion\u00e1lne konzult\u00e1cie pri realiz\u00e1cii stavby od zamerania a\u017e po kompletn\u00fa realiz\u00e1ciu. Cenov\u00e9 ponuky vyhotovujeme na mieru v spolupr\u00e1ci s popredn\u00fdmi dod\u00e1vate\u013emi v r\u00e1mci Slovenskej republiky.","og_url":"https:\/\/stanislavbariny.sk\/strechy\/","og_site_name":"Strechy na mieru","article_modified_time":"2020-03-18T16:08:50+00:00","og_image":[{"url":"https:\/\/www.stanislavbariny.sk\/strechy\/wp-content\/uploads\/2020\/02\/05032010170-1024x768.jpg"}],"twitter_card":"summary_large_image","schema":{"@context":"https:\/\/schema.org","@graph":[{"@type":"WebSite","@id":"https:\/\/stanislavbariny.sk\/strechy\/#website","url":"https:\/\/stanislavbariny.sk\/strechy\/","name":"Strechy na mieru","description":"s nami nezmoknete","potentialAction":[{"@type":"SearchAction","target":{"@type":"EntryPoint","urlTemplate":"https:\/\/stanislavbariny.sk\/strechy\/?s={search_term_string}"},"query-input":"required name=search_term_string"}],"inLanguage":"sk-SK"},{"@type":"ImageObject","@id":"https:\/\/stanislavbariny.sk\/strechy\/#primaryimage","inLanguage":"sk-SK","url":"https:\/\/www.stanislavbariny.sk\/strechy\/wp-content\/uploads\/2020\/02\/05032010170.jpg","contentUrl":"https:\/\/www.stanislavbariny.sk\/strechy\/wp-content\/uploads\/2020\/02\/05032010170.jpg","width":2048,"height":1536},{"@type":"WebPage","@id":"https:\/\/stanislavbariny.sk\/strechy\/#webpage","url":"https:\/\/stanislavbariny.sk\/strechy\/","name":"Klampiarske a pokr\u00fdva\u010dsk\u00e9 pr\u00e1ce - Strechy na mieru","isPartOf":{"@id":"https:\/\/stanislavbariny.sk\/strechy\/#website"},"primaryImageOfPage":{"@id":"https:\/\/stanislavbariny.sk\/strechy\/#primaryimage"},"datePublished":"2020-02-12T21:17:28+00:00","dateModified":"2020-03-18T16:08:50+00:00","breadcrumb":{"@id":"https:\/\/stanislavbariny.sk\/strechy\/#breadcrumb"},"inLanguage":"sk-SK","potentialAction":[{"@type":"ReadAction","target":["https:\/\/stanislavbariny.sk\/strechy\/"]}]},{"@type":"BreadcrumbList","@id":"https:\/\/stanislavbariny.sk\/strechy\/#breadcrumb","itemListElement":[{"@type":"ListItem","position":1,"name":"Home","item":"https:\/\/stanislavbariny.sk\/strechy\/"},{"@type":"ListItem","position":2,"name":"Klampiarske a pokr\u00fdva\u010dsk\u00e9 pr\u00e1ce"}]}]}},"_links":{"self":[{"href":"https:\/\/www.stanislavbariny.sk\/strechy\/index.php?rest_route=\/wp\/v2\/pages\/12"}],"collection":[{"href":"https:\/\/www.stanislavbariny.sk\/strechy\/index.php?rest_route=\/wp\/v2\/pages"}],"about":[{"href":"https:\/\/www.stanislavbariny.sk\/strechy\/index.php?rest_route=\/wp\/v2\/types\/page"}],"author":[{"embeddable":true,"href":"https:\/\/www.stanislavbariny.sk\/strechy\/index.php?rest_route=\/wp\/v2\/users\/1"}],"replies":[{"embeddable":true,"href":"https:\/\/www.stanislavbariny.sk\/strechy\/index.php?rest_route=%2Fwp%2Fv2%2Fcomments&post=12"}],"version-history":[{"count":6,"href":"https:\/\/www.stanislavbariny.sk\/strechy\/index.php?rest_route=\/wp\/v2\/pages\/12\/revisions"}],"predecessor-version":[{"id":388,"href":"https:\/\/www.stanislavbariny.sk\/strechy\/index.php?rest_route=\/wp\/v2\/pages\/12\/revisions\/388"}],"wp:attachment":[{"href":"https:\/\/www.stanislavbariny.sk\/strechy\/index.php?rest_route=%2Fwp%2Fv2%2Fmedia&parent=12"}],"curies":[{"name":"wp","href":"https:\/\/api.w.org\/{rel}","templated":true}]}}